 are the prime factors of (176/12 + n)*3?
2
Let k(z) = -3*z + 7. Let l be k(3). What are the prime factors of (-115)/l*(-7)/(105/(-12))?
2, 23
Let n be (-1)/(3/12*4). Let p(w) = -13*w. Let h be p(n). Suppose 4*o = 4*a + 40, -9*a = 2*o - 4*a - h. List the prime factors of o.
3
Suppose -5*k + 45 = 3*l + 4, -l - k + 13 = 0. Let q(x) = 12*x - l*x - 3*x**2 - 5*x**3. List the prime factors of q(-2).
2, 7
Let b = -14 - -126. Suppose 4*i = d + 2*i - 25, 3*i = -5*d + b. List the prime factors of d.
23
Let w = -864 + 1395. What are the prime factors of w?
3, 59
Suppose 11*p - 300 = 6*p. Suppose 9*h - 4*h = p. What are the prime factors of h?
2, 3
List the prime factors of ((508 - 9) + -9)*3.
2, 3, 5, 7
Let g be -1*(-2)/(2 + -4). Let c = 0 - g. Suppose -i - 3*l + c + 35 = 0, -5*l = -i + 28. What are the prime factors of i?
3, 11
Suppose 2*w = 6*w + 28. Let m = w - -10. List the prime factors of m.
3
List the prime factors of 3170 + 23 + -1 + -11.
3181
Let v = 225 + -336. List the prime factors of (-4 + 2 + 0)*v.
2, 3, 37
Let c(f) = 11*f**2 - 73*f - 9. List the prime factors of c(24).
3, 5, 61
Let n = -60 - -63. Suppose n*b + 1100 = 13*b. List the prime factors of b.
2, 5, 11
Suppose -4*l + 29 = -55. Let p be (l/(-6) + 3)*0. Suppose p = -t - 4*t + 5, 0 = -4*y + 3*t + 85. List the prime factors of y.
2, 11
Suppose -2*a + 6 = -126. List the prime factors of -1 + (-12)/24 + a/4.
3, 5
Let b(s) = 2*s - 11. Suppose 4*n - 11 - 17 = -4*v, 2*n - 8 = -4*v. List the prime factors of b(n).
3
Suppose -4*i - 2*p - 20 = 0, -8 = 2*i + i - 2*p. Let c be (0 - 2) + i + -1. Let n = 1 - c. What are the prime factors of n?
2
Suppose -3*k + 7*k - 1924 = 0. Suppose 887 = 12*z - k. What are the prime factors of z?
2, 3, 19
Let n = 608 - -746. What are the prime factors of n?
2, 677
Let t(o) = 51*o. Let d be -2*((-21)/(-6) + -4). What are the prime factors of t(d)?
3, 17
Let n(o) = 6*o**2 - 56*o + 66. What are the prime factors of n(15)?
2, 3
Let y(f) = 8*f**2 + 4*f - f - 25 + f - 6*f + f**3. List the prime factors of y(-7).
2, 19
Suppose 0 = 4*d - 2*q + 2 - 20, d - 2*q - 12 = 0. Let p be (30/12)/(d/12). Let s = -5 + p. What are the prime factors of s?
2, 5
Suppose 5*d = 61 - 21. Suppose d*h - 802 = 502. List the prime factors of h.
163
Let f be (-1)/2 + (-114)/(-12). Suppose 0 = -4*u - 5*s + f - 0, 0 = 5*s - 5. Suppose k - u = 13. List the prime factors of k.
2, 7
Suppose 3*z - 23 - 61 = 0. Suppose -2 = v - z. List the prime factors of v.
2, 13
Let c(q) = q + 7. Let u be c(-6). Let k be -1*u/(4/(-136)). Let j = 52 - k. What are the prime factors of j?
2, 3
Suppose -2 = -l - 5*m + 2, 3*l - 12 = -3*m. List the prime factors of (1 - 7) + l + 37*3.
109
Let o(t) be the third derivative of -t**4/24 + 13*t**3/6 + 7*t**2. What are the prime factors of o(0)?
13
Let b(c) = 4*c - 14. Let w be b(11). Let h be 6/(-4)*(-8)/(-3). Let d = h + w. What are the prime factors of d?
2, 13
Suppose 1035 = 3*r - 537. List the prime factors of r.
2, 131
Suppose -4*z = -2*h - 4, 0*h - h + 2 = 0. Suppose 0 = -4*y + 8, 0*y + 56 = n - z*y. What are the prime factors of n?
2, 3, 5
Suppose -47*y = -22*y - 36675. List the prime factors of y.
3, 163
What are the prime factors of (-2)/((-7 + -5)/20304)?
2, 3, 47
What are the prime factors of ((-78)/9 - -6)*453/(-4)?
2, 151
Suppose 8*u + 3 = 9*u. Let b(j) = -4 + 7*j - j**2 + u - 7. What are the prime factors of b(4)?
2
What are the prime factors of 0 - (-1)/(-3) - 2355/(-45)?
2, 13
Suppose 0*k - 5*k = -10. Suppose k*b = -4*h - h + 175, -b - 5*h = -85. Suppose -3*n = 12 - b. List the prime factors of n.
2, 13
Let a(s) = 81*s - 3. List the prime factors of a(2).
3, 53
Let m(a) = -a**3 + 4*a**2 - 2*a - 1. Let r be m(2). Suppose 218 = 5*z + 4*k, -r*z + z + k + 82 = 0. List the prime factors of z.
2, 3, 7
Let q(k) = -13*k**3 - k**2 + 7*k + 10. What are the prime factors of q(-2)?
2, 3
Let n = 4 + 0. Let u(p) = -2 + p + 4 + 2 - p**3 + 5*p**2 + 1. List the prime factors of u(n).
5
Suppose -9*r + 18 = -18. Suppose p = 0, -r*i + 5*i - 49 = 4*p. List the prime factors of i.
7
Let v(z) = z**2 + 8*z + 10. Suppose 4*j - 2*w + 4*w + 62 = 0, 2*j - 2*w + 22 = 0. List the prime factors of v(j).
2, 47
List the prime factors of (26/4 - 5)/(3/134).
67
Let g = 28 + -25. Suppose -2*s = -5*j + 50, 0 = -5*j + j + g*s + 47. List the prime factors of j.
2
Suppose -a + 6*a - 110 = 0. Suppose a - 70 = -3*w. Let f(q) = 3*q - 13. What are the prime factors of f(w)?
5, 7
Let v be (-1)/6 - 355/30. What are the prime factors of (447/v)/(6/(-24))?
149
Suppose -3*l + l + 2435 = -5*v, -4*l + 4865 = -5*v. What are the prime factors of l?
3, 5
Let i = -15 - -13. Let w be (2/i)/(5/(-15)). Suppose -22 = -w*h + 2. List the prime factors of h.
2
Let c(h) = -h**3 + h**2 - h + 1. Let b(d) = -6 + 22*d - 10*d - 3 + 0*d**3 + 4*d**3. Let m(l) = -b(l) - 5*c(l). List the prime factors of m(7).
53
Let b(l) = 3*l**3 + 5*l**2 + 3*l + 4. Let r be b(-3). Let m = r - -149. What are the prime factors of m?
2, 3
Suppose 0 = 5*b - 9238 - 1282. What are the prime factors of b?
2, 263
Suppose -4*x - 151 - 89 = 0. Let v = 263 + x. Suppose 4*a + 2*o - 199 = a, -v = -3*a - 4*o. What are the prime factors of a?
5, 13
Let y = 88 - 40. Suppose 2*v + y = 6*v. Let c = 17 - v. What are the prime factors of c?
5
Let i be (-1456)/21*3/2. Suppose -5 = -j - 78. Let r = j - i. List the prime factors of r.
31
Let j(c) = -33*c**3 - c**2 + 6*c + 11. Let z be j(-2). Suppose -4*h + 479 = -t, 0 = -3*h - 5*t + 129 + z. List the prime factors of h.
11
Suppose 13*l + 575 = 3136. Let n(a) = -6*a**3 + 3*a**2 - 2*a + 3. Let k be n(3). Let r = k + l. What are the prime factors of r?
59
Let o = 48 + -36. Suppose -7*f - 505 = -o*f. What are the prime factors of f?
101
Let j = -12 - -48. Let m(v) = -18*v - 6 + v**2 + j - 20. What are the prime factors of m(19)?
29
Let m(s) = -2*s. Let n(a) = a. Let v(h) = -3*m(h) - 7*n(h). Let r = 4 + -17. What are the prime factors of v(r)?
13
Suppose -45*u - 81*u = -605934. List the prime factors of u.
3, 7, 229
Let x(y) = -4*y**2 + 9*y**2 + 3 - 2*y**3 + 2*y - 3*y - 5. Let v be x(3). List the prime factors of 4/v + 510/21.
2, 3
List the prime factors of 14/((-1078)/(-33)) + 9258/7.
3, 7
Let y(g) = -11*g + 3 + 6*g + 6*g + 0*g. Let u be y(5). What are the prime factors of (-286)/(-8) - (-2)/u?
2, 3
Suppose 4*r = -6*r - 400. Suppose -2*y = 9 - 175. Let c = r + y. What are the prime factors of c?
43
Let y(o) = 4*o**3 - 7*o**2 + 5*o + 16. List the prime factors of y(7).
2, 3, 5
Let a = 18 + 229. List the prime factors of a.
13, 19
Suppose 3*b = 2*h + 1204, 699 = 2*b + 5*h - 110. Let j = b - 174. List the prime factors of j.
2, 3, 19
Let c be 12/(-3)*5/(-4). Suppose -c*a + 38 = -4*u, 3*a + a + u - 22 = 0. Suppose -29 = -a*h + 61. List the prime factors of h.
3, 5
Let r(y) = y**3 - 6*y**2 + 2*y + 9. Let i(c) = -c**2 + 1. Let b(p) = -6*i(p) + r(p). List the prime factors of b(3).
2, 3
Suppose 43*c = 42*c + 1135. List the prime factors of c.
5, 227
Let f = 12 + -7. Suppose -f*w - 2*o = 170, -5*w + 2*o + 2*o = 200. Let p = 54 + w. What are the prime factors of p?
2, 3
Let x(c) = -5*c - 1 - 9*c - 3*c**2 + 2*c**2 + 4*c**2. Let s be x(6). Let b = s + -7. What are the prime factors of b?
2
Let n = -1 + 7. Let p be n/(-33) + (-52)/(-44). List the prime factors of ((-2)/(-6) + p)*3.
2
Suppose -2*v = v + 3*j + 93, j = 5*v + 167. List the prime factors of ((-3)/(-2))/(v/(-88)).
2
Let b(n) = 37*n + 355. List the prime factors of b(11).
2, 3, 127
Let b(x) = 49*x + 73. What are the prime factors of b(8)?
3, 5, 31
Let l be (-22)/(-55)*(-10)/(-2). Suppose -l - 46 = -4*v. What are the prime factors of v?
2, 3
Let s(p) = 13*p**2 + 8*p - 1. What are the prime factors of s(-10)?
23, 53
Suppose -d = 2*d + 3, -2*c + 3*d + 9 = 0. Suppose 0 = 4*n + 12, n - 126 = -c*y + 2*n. Let f = 14 + y. What are the prime factors of f?
5, 11
Let y(w) = 41*w - 5. Let q(j) = -j**3 - 6*j**2 - 4*j + 7. Let v be q(-5). List the prime factors of y(v).
7, 11
Let s = -73 + 139. List the prime factors of s.
2, 3, 11
Let w be ((-2)/(-1))/((-3)/(-318)*4). Let n = w + -42. What are the prime factors of n?
11
Suppose -2*j = 10, 4*s = 3*s + 3*j + 29. Let y be (-4)/s - (-102)/14. List the prime factors of y/(70/(-8))*-30.
2, 3
Suppose 9*v - 13911 = 7248. What are the prim